20
What is the highest common divisor of 2493 and 477?
9
What is the highest common divisor of 560 and 18740?
20
Calculate the greatest common factor of 3439000 and 760.
760
What is the highest common divisor of 11305 and 850?
85
Calculate the highest common divisor of 365659 and 49.
7
What is the highest common divisor of 9724 and 151606?
442
What is the greatest common divisor of 4320 and 128480?
160
What is the greatest common divisor of 820 and 1832044?
164
What is the highest common factor of 73360 and 8820?
140
What is the greatest common divisor of 92 and 180?
4
What is the highest common factor of 125351 and 1339?
103
Calculate the greatest common factor of 179253 and 161549.
2213
What is the highest common divisor of 31569 and 85?
17
What is the greatest common divisor of 1191315 and 645?
645
What is the greatest common divisor of 17935 and 34?
17
What is the greatest common divisor of 175 and 88200?
175
What is the highest common divisor of 1792 and 581?
7
What is the greatest common divisor of 123032 and 21476?
364
What is the greatest common factor of 42 and 1669521?
21
Calculate the greatest common divisor of 3600 and 3888.
144
What is the highest common divisor of 369 and 2575497?
123
What is the greatest common divisor of 1368 and 3306?
114
What is the highest common factor of 892025 and 775?
775
Calculate the greatest common divisor of 41812 and 16.
4
Calculate the highest common factor of 1159 and 2867.
61
What is the highest common divisor of 57 and 111473?
19
Calculate the greatest common factor of 16 and 210464.
16
Calculate the greatest common divisor of 38210 and 20.
10
What is the highest common divisor of 182 and 896?
14
What is the greatest common divisor of 12772 and 309?
103
What is the highest common divisor of 24640 and 96250?
770
What is the greatest common factor of 2441829 and 3393?
1131
Calculate the greatest common divisor of 1974529 and 181.
181
Calculate the highest common factor of 56581 and 14.
7
Calculate the highest common factor of 3914 and 5562.
206
Calculate the highest common factor of 800725 and 25.
25
What is the highest common divisor of 2035 and 137233?
37
Calculate the greatest common factor of 608 and 10564.
76
Calculate the greatest common divisor of 27642 and 306.
102
What is the highest common factor of 343 and 413?
7
What is the highest common divisor of 136 and 3485?
17
Calculate the greatest common divisor of 264 and 9372.
132
What is the greatest common factor of 19203 and 1887?
111
What is the greatest common divisor of 314982 and 266?
38
What is the greatest common factor of 160 and 17080?
40
What is the highest common factor of 720 and 561360?
240
Calculate the highest common factor of 44572 and 176.
44
Calculate the highest common divisor of 65 and 23563280.
65
Calculate the highest common divisor of 1020281 and 19.
19
Calculate the greatest common divisor of 3155186 and 452.
226
Calculate the highest common factor of 10168 and 110608.
248
What is the greatest common divisor of 227 and 88984?
227
Calculate the greatest common factor of 1865 and 23239765.
1865
What is the greatest common divisor of 73554 and 690?
138
Calculate the greatest common divisor of 165 and 67540.
55
What is the highest common divisor of 1453 and 3?
1
What is the highest common factor of 23392 and 96?
32
Calculate the highest common factor of 67216 and 16.
16
Calculate the greatest common divisor of 157766 and 2478.
826
What is the greatest common divisor of 504977 and 319?
319
What is the greatest common factor of 1675760 and 400?
80
What is the highest common divisor of 25474 and 6233?
271
What is the highest common factor of 408813 and 1221?
111
What is the highest common factor of 122112 and 384?
384
Calculate the highest common factor of 2254 and 33418.
98
What is the highest common factor of 584384 and 138?
46
What is the greatest common factor of 10465 and 637?
91
Calculate the greatest common divisor of 3 and 81093.
3
Calculate the highest common factor of 708 and 16164.
12
Calculate the highest common factor of 45 and 152109.
9
What is the greatest common divisor of 2599 and 71303?
113
What is the greatest common divisor of 78256 and 1752?
584
Calculate the greatest common divisor of 8990 and 22940.
310
Calculate the greatest common factor of 115 and 414667.
23
What is the highest common factor of 5481 and 25172?
203
What is the highest common divisor of 234252 and 2916?
972
Calculate the highest common factor of 262 and 3338142.
262
What is the highest common divisor of 27477 and 29283?
129
What is the greatest common factor of 47360 and 2048?
256
Calculate the highest common divisor of 341 and 77407.
341
What is the highest common factor of 3756 and 4922864?
1252
Calculate the greatest common factor of 4256 and 58912.
224
What is the highest common factor of 11869 and 247?
13
What is the greatest common divisor of 357 and 44268?
357
What is the greatest common factor of 200952 and 2?
2
What is the greatest common factor of 1164 and 28?
4
Calculate the greatest common factor of 13032 and 234.
18
What is the greatest common factor of 2695 and 6055?
35
What is the greatest common factor of 25080 and 512?
8
What is the highest common divisor of 15534 and 12?
6
What is the highest common divisor of 138 and 85686?
6
What is the highest common divisor of 3894 and 104610?
66
Calculate the greatest common divisor of 33291 and 1096.
137
Calculate the greatest common divisor of 1319 and 2.
1
Calculate the highest common factor of 140175 and 3780.
315
Calculate the greatest common factor of 62420 and 20.
20
What is the highest common factor of 45 and 1810?
5
Calculate the greatest common factor of 537 and 5683250.
179
Calculate the greatest common divisor of 784 and 63392.
112
Calculate the highest common factor of 527 and 26908.
31
Calculate the greatest common divisor of 1181558 and 518.
518
Calculate the highest common divisor of 16029 and 274.
137
Calculate the greatest common factor of 3 and 325245.
3
What is the highest common factor of 11004 and 1071?
21
What is the greatest common factor of 23585 and 53000?
265
What is the greatest common factor of 3 and 878286?
3
Calculate the greatest common factor of 204 and 6456.
12
Calculate the greatest common factor of 52897 and 7512.
313
What is the greatest common factor of 4037115 and 15?
15
Calculate the greatest common factor of 8957 and 1313.
13
What is the greatest common factor of 105 and 45255?
105
Calculate the highest common factor of 18 and 2211471.
9
Calculate the greatest common divisor of 638955 and 1080.
135
What is the greatest common factor of 4074420 and 3560?
1780
Calculate the greatest common divisor of 7639591 and 226.
113
Calculate the highest common factor of 7 and 96341.
7
What is the highest common divisor of 30310 and 32042?
866
What is the greatest common factor of 14196 and 2436?
84
Calculate the greatest common factor of 31626 and 918.
18
What is the highest common factor of 17 and 531029?
17
Calculate the greatest common divisor of 10763876 and 212.
212
What is the highest common factor of 631968 and 232?
232
Calculate the highest common divisor of 148 and 100.
4
Calculate the highest common factor of 34 and 3947026.
34
What is the greatest common factor of 96830 and 230?
230
What is the highest common divisor of 59689 and 49?
7
Calculate the highest common divisor of 9225 and 984.
123
Calculate the greatest common divisor of 1904 and 14994.
238
Calculate the greatest common factor of 39259 and 367939.
913
Calculate the greatest common divisor of 171712 and 72.
8
What is the highest common factor of 3015 and 659079?
603
What is the greatest common factor of 299114 and 694?
694
What is the highest common divisor of 62 and 31558?
62
What is the greatest common factor of 736 and 48000?
32
What is the highest common divisor of 1197 and 2736?
171
What is the greatest common factor of 53 and 1935825?
53
What is the greatest common divisor of 1014853 and 20528?
1283
Calculate the greatest common factor of 322385 and 302.
151
What is the highest common divisor of 8092 and 325108?
476
What is the highest common divisor of 4254 and 27?
3
What is the greatest common divisor of 57462 and 37680?
942
Calculate the highest common factor of 24